the highest common divisor of 407888 and 156?
52
What is the greatest common factor of 16575 and 136425?
1275
Calculate the highest common divisor of 1293 and 19223031.
1293
What is the greatest common factor of 99148 and 28?
28
Calculate the highest common factor of 37638 and 1530.
306
What is the highest common divisor of 56317 and 566?
283
What is the greatest common divisor of 4375 and 24625?
125
Calculate the greatest common factor of 498 and 11651457.
249
What is the greatest common divisor of 306 and 122778?
18
What is the greatest common divisor of 275 and 28149?
11
What is the highest common divisor of 14388 and 24?
12
Calculate the highest common divisor of 5264791 and 301.
301
What is the greatest common factor of 1629264 and 143?
13
Calculate the highest common factor of 112 and 21028.
28
Calculate the highest common divisor of 4246 and 13124.
386
What is the greatest common divisor of 26275 and 75?
25
What is the highest common factor of 6176 and 184?
8
Calculate the highest common factor of 4777522 and 772.
386
What is the highest common factor of 30 and 135690?
30
Calculate the highest common factor of 74250 and 9405.
495
What is the highest common factor of 85 and 9401?
17
Calculate the greatest common factor of 2002 and 60346.
286
What is the highest common divisor of 378 and 5319?
27
Calculate the highest common divisor of 8120 and 2008.
8
What is the highest common factor of 1512 and 3712?
8
Calculate the greatest common divisor of 2592 and 36720.
432
Calculate the highest common factor of 57983 and 69.
23
Calculate the highest common factor of 1104 and 36225.
69
Calculate the greatest common divisor of 93217 and 248.
31
What is the greatest common divisor of 224 and 72016?
112
What is the highest common factor of 1350 and 7101?
27
What is the greatest common factor of 4990 and 130?
10
Calculate the highest common divisor of 60 and 1152.
12
What is the greatest common divisor of 512 and 1316?
4
What is the greatest common divisor of 116901 and 186?
93
Calculate the greatest common divisor of 32201 and 13.
13
What is the highest common factor of 569245 and 6335?
905
What is the greatest common factor of 610 and 6588?
122
What is the greatest common divisor of 2050 and 83845?
205
What is the highest common factor of 315 and 270669?
21
Calculate the greatest common factor of 3289 and 364.
13
Calculate the highest common divisor of 115712 and 28.
4
Calculate the greatest common factor of 24928 and 3344.
304
Calculate the highest common divisor of 191 and 1839521.
191
Calculate the greatest common divisor of 104 and 119032.
8
Calculate the greatest common factor of 416267 and 547.
547
Calculate the highest common factor of 42236 and 12.
4
What is the greatest common divisor of 744800 and 950?
950
Calculate the highest common factor of 1008 and 3888.
144
What is the highest common factor of 69 and 86598?
3
Calculate the greatest common divisor of 2486 and 1155.
11
Calculate the highest common divisor of 817 and 4047.
19
Calculate the greatest common factor of 342 and 11229.
57
Calculate the highest common divisor of 451646 and 29.
29
What is the highest common factor of 2737 and 182?
7
Calculate the greatest common factor of 5889 and 3536.
13
Calculate the highest common factor of 18 and 151614.
18
Calculate the greatest common divisor of 72 and 5371992.
72
Calculate the greatest common factor of 2427654 and 3208.
802
What is the greatest common divisor of 9280 and 174?
58
Calculate the highest common divisor of 138 and 14421.
69
Calculate the greatest common divisor of 434 and 2388302.
434
Calculate the greatest common factor of 31179 and 76.
19
What is the greatest common factor of 215 and 1073495?
215
What is the highest common divisor of 7967 and 5654?
257
What is the highest common divisor of 361 and 7011?
19
What is the greatest common factor of 23628 and 146422?
358
What is the greatest common factor of 13840 and 160?
80
What is the highest common factor of 3055286 and 26?
26
Calculate the greatest common divisor of 8048 and 704.
16
What is the highest common divisor of 30711 and 116?
29
Calculate the greatest common divisor of 158 and 505205.
79
What is the highest common factor of 4606 and 616?
14
What is the highest common factor of 10458252 and 3384?
1692
Calculate the greatest common divisor of 126 and 7658.
14
What is the highest common factor of 1456 and 9776?
208
What is the highest common factor of 8 and 274952?
8
What is the highest common factor of 9849 and 16750?
67
Calculate the greatest common divisor of 432 and 359928.
72
Calculate the highest common divisor of 627 and 198.
33
Calculate the highest common factor of 128936 and 852.
284
Calculate the highest common divisor of 1300 and 7000.
100
What is the greatest common divisor of 1467 and 108?
9
Calculate the highest common factor of 125919 and 153.
153
Calculate the greatest common divisor of 51712 and 184.
8
Calculate the greatest common factor of 556 and 34476.
4
Calculate the greatest common divisor of 36480 and 2560.
640
Calculate the highest common divisor of 928 and 7627.
29
Calculate the greatest common divisor of 26 and 3021226.
26
What is the greatest common divisor of 19527 and 87?
3
What is the highest common divisor of 160094 and 2090?
418
What is the greatest common divisor of 16505 and 25?
5
What is the highest common divisor of 19826 and 1334?
46
What is the highest common divisor of 62680 and 680?
40
What is the highest common divisor of 3060 and 1233?
9
Calculate the highest common divisor of 32430 and 1880.
470
Calculate the greatest common factor of 336 and 55608.
168
Calculate the highest common factor of 11312 and 104.
8
Calculate the highest common factor of 1152 and 33584.
16
What is the highest common factor of 97439 and 139?
139
Calculate the highest common divisor of 281 and 24.
1
Calculate the greatest common divisor of 2208 and 102.
6
Calculate the greatest common factor of 18 and 152982.
18
Calculate the greatest common divisor of 81 and 58212.
27
Calculate the greatest common factor of 58 and 132704.
58
Calculate the highest common divisor of 195 and 94250.
65
Calculate the greatest common divisor of 37230 and 405.
15
What is the greatest common divisor of 703 and 4636?
19
What is the highest common factor of 8500 and 9875?
125
Calculate the highest common factor of 77615 and 1330.
95
Calculate the greatest common divisor of 20 and 322692.
4
What is the highest common factor of 1151172 and 22?
22
What is the greatest common divisor of 450 and 2130?
30
Calculate the greatest common divisor of 118359 and 54.
9
Calculate the highest common divisor of 16210 and 80.
10
What is the highest common divisor of 49890 and 660?
30
Calculate the highest common factor of 113806 and 176.
22
What is the greatest common factor of 3558318 and 2370?
474
What is the greatest common divisor of 16652 and 3496?
92
What is the greatest common divisor of 728 and 46228?
364
What is the greatest common divisor of 101566 and 688?
86
Calculate the highest common factor of 3473 and 21593.
151
Calculate the highest common factor of 501786 and 42.
6
Calculate the highest common divisor of 1001 and 24486.
77
What is the highest common factor of 4887 and 127424?
181
What is the highest common divisor of 271608 and 240?
24
Calculate the greatest common factor of 2871 and 99209.
319
Calculate the greatest common factor of 5224 and 104.
8
Calculate the highest common divisor of 122008 and 32.
8
Calculate the greatest common divisor of 7171 and 3030.
101
Calculate the highest common factor of 14495 and 7136.
223
Calculate the greatest common divisor of 96778 and 11869.
913
What is the highest common divisor of 115 and 1021775?
115
What is the highest common factor of 31 and 85653?
31
Calculate the highest common factor of 36 and 180174.
6
What is the greatest common factor of 736040 and 40?
40
Calculate the highest common factor of 691934 and 3031.
433
What is the highest common divisor of 5339 and 27538?
281
Calculate the highest common factor of 276 and 117484.
92
What is the highest common divisor of 353 and 782248?
353
Calculate the highest common factor of 10665 and 20.
5
What is the greatest common factor of 966 and 94332?
42
What is the greatest common 